4/c) composite?
False
Is -5622*3/(-6) + -2 composite?
True
Let q be ((-28)/8)/1*2. Let u be 16/(-2 + -2) - q. Suppose 5*v - v - 4*f = 2716, 0 = -2*v - u*f + 1378. Is v a prime number?
True
Suppose 30*p - 25*p = 5*t + 195765, -4*p = 4*t - 156644. Is p composite?
False
Let a be (47 - 46)/((-1)/(-2)*1). Suppose -5*n + a*t + 3975 = -2*t, 2*n - 1572 = -2*t. Is n a prime number?
False
Let x(j) = 994*j**2 - j + 3. Is x(2) prime?
False
Let k(r) = -280*r**3 + 14*r**2 - 6*r - 17. Is k(-5) a composite number?
False
Let g(z) = -20*z**3 + 5*z**2 + 7. Let i(w) = -w**3 + w**2 + 1. Let m be (-10)/25 - (-32)/5. Let v(c) = m*i(c) - g(c). Is v(1) prime?
False
Suppose 0 = 2*z + 2*z - 7388. Is z a prime number?
True
Suppose -2*b = 2, -b + 2 = -m - 3. Let n(g) = 28*g**2 - 15. Is n(m) prime?
False
Suppose -1140 = -0*o - 6*o. Let u = 45 + o. Is u prime?
False
Suppose x + 0*x = -j - 10, 0 = 2*x - 8. Is j/(-35) - -6*(-5043)/(-30) a prime number?
True
Suppose 4*i = 4*r - 90008, -3*r + 32279 = -4*i - 35229. Suppose -6162 = 6*g - r. Is g composite?
True
Let d be 22/5 + 6/10. Suppose -d*j = -0*j + 5. Is -199*(1/1)/j composite?
False
Suppose -444 + 77 = -v. Suppose 2*w - v = -w - 2*j, 2*w - 2*j - 228 = 0. Is w composite?
True
Let j be (4 + -8)*(-1 + 0). Suppose 16 = 3*o + 7. Suppose j*n = o*n + 571. Is n a prime number?
True
Let n = 16 - 14. Suppose 3*m = -2*q + 39 + 3, 0 = 3*m - 2*q - 30. Suppose -6*j = -j - n*p - 318, 3*p = -m. Is j composite?
True
Let p(t) = 2*t**3 + 12*t**2 + 2*t. Let v be p(-6). Let x = -10 - v. Suppose -377 = x*h - 3*h. Is h prime?
False
Suppose -4*s - g = -17, 5*g = -5*s - 9 + 49. Is ((-11137)/(-14) + s)/((-1)/(-2)) composite?
False
Suppose j - 53 = 5*k + 622, -5*j = 3*k + 377. Let a = k + 223. Is a a composite number?
False
Is -2*(-11174)/16 - (-3)/12 composite?
True
Suppose -5*o - 4762 = -2*v, 2*v + 5*o - 1443 = 3279. Is v prime?
True
Let q(r) = 755*r - 2. Let x be (-12)/16*-20*1. Let h = -14 + x. Is q(h) prime?
False
Suppose -2*j = -y - 134, -2*y + 496 = -6*y - 2*j. Is (877/(-2))/(21/y) a prime number?
False
Suppose -5*y = 14*l - 11*l - 56495, l = 0. Is y a composite number?
False
Let k = -22489 - -38416. Is k prime?
False
Is (0 - -4) + 5754 + -27 prime?
False
Let c(q) = q + 5. Let k be c(5). Let p be 69/15 - (-4)/k. Suppose p*o = 6*o - 109. Is o composite?
False
Let i(t) = -43*t**3 - 4*t**2 + 2*t - 45. Is i(-7) prime?
False
Suppose 4068 = 3*m + 3*l, -21 = 4*l - 17. Is m a composite number?
True
Suppose 4*o = 5*h - 20, -5 = 2*h + o - 0*o. Let t = 3 - h. Suppose -2*q + t*l - 91 = -1089, 5*l = -2*q + 998. Is q prime?
True
Suppose 0 = y - j + 1, 0 = y + j + 3 - 2. Is ((-389)/y)/(0 - -1) prime?
True
Suppose -4*t - 300 = -4*g, -2*g - 3*t = -0*g - 145. Let j = g - 15. Suppose -z - 6 = -j. Is z composite?
False
Let m = 556 + -219. Is m a prime number?
True
Let o(t) = -15181*t + 143. Is o(-2) prime?
False
Suppose 0 = 6*p - 9905 - 1933. Is p a prime number?
True
Let k(s) = -s**2 - 14*s + 5. Let c be k(-14). Suppose -9 = -c*v + 11. Suppose -v*b + 15 = -7*b, 2*u - 280 = -2*b. Is u a prime number?
False
Let a(o) = 2*o - 13. Let k be a(8). Let g be (k - 16/6)*6. Suppose 2*u = 5 + 3, -g*f + 270 = 4*u. Is f prime?
True
Suppose 98 = -6*y - 52. Let m = 62 + y. Is m a prime number?
True
Let x(k) = 8*k**2 - 15*k + 136. Is x(9) a prime number?
False
Let c(q) = -3*q**2 - q**3 + 0*q - 3*q - 7 + 0*q - 5*q. Let s = 5 - 11. Is c(s) composite?
False
Let m = 8 - 8. Suppose -h + 5*h - 8 = m. Suppose -h*a = 4*g - 232, -g - a + 58 = 1. Is g a prime number?
True
Let j be (-1)/3 + -1 - (-253)/(-69). Let b(c) = -39*c - 7. Let z(q) = -78*q - 13. Let f(v) = -11*b(v) + 6*z(v). Is f(j) composite?
True
Suppose 3*k + 19815 = 8*k - 4*u, -u - 15863 = -4*k. Is k a prime number?
True
Is (5/(-1))/(7/(5 - 19836)) a composite number?
True
Let r be (1 + 1)/(3 - 2). Suppose 15 + 7 = r*m. Suppose -27 = -2*p + m. Is p a prime number?
True
Let z(o) = 3*o**3 - 6*o**2 + 7*o - 4. Let a be z(3). Suppose 1465 = -39*h + a*h. Is h composite?
False
Suppose s - 9 = -5. Suppose -v = 3*t - 471 - 3523, 0 = s*v + 5*t - 15969. Is v a prime number?
False
Let s(k) = k**3 - 2*k**2. Let p be s(2). Suppose p = -3*z - 2*g + 1662 + 1103, -3*z + 2758 = -5*g. Is z a composite number?
True
Let l(g) = 4*g**2 + 35*g - 22. Is l(5) prime?
False
Suppose 2*i - 3*x - 71 = 173, -i + 4*x + 117 = 0. Suppose -i - 170 = -b. Is b a prime number?
False
Let k be 9706/8 + 1/(-4). Let p = k - -410. Is p a composite number?
True
Is (-758355)/(-78)*(1 + 1 - 0) prime?
False
Is 37325/10 - 2/(-4) a composite number?
False
Let s(h) = 2*h - 8. Let v(g) = 1. Let t(i) = s(i) + 6*v(i). Let o be t(0). Is (o + 4)/(-2) + 98 a prime number?
True
Let k(d) be the third derivative of -53*d**4/8 + 2*d**3/3 + 13*d**2. Let l(v) = -160*v + 3. Let b(m) = 4*k(m) - 5*l(m). Is b(9) prime?
False
Let f = -16425 - -55690. Is f prime?
False
Let b = -20 - -18. Let k be b/(-4) - (-14)/4. Is (122 - k)/((-1)/(-1)) a prime number?
False
Let s(g) = -69*g + 23*g - 69*g - 2 + 0. Let q be s(2). Is 5/(-3 - q/76) a prime number?
False
Suppose 0 = 3*g - 1 - 8. Suppose 0 = -g*m + 13*m - 5410. Is m a prime number?
True
Is (1848/15 - 2)*95 - -5 prime?
True
Let d(u) = -7*u**2 - 10*u - 14. Let m be d(-8). Let z = 701 + m. Is z a composite number?
True
Let p be 3359*(4 + -5) - -1. Is (3 + (-35)/10)*p composite?
True
Let q(t) = 182*t - 61. Is q(10) a composite number?
False
Let l be (-4)/34 + 34/289. Suppose 0 = -l*s + 3*s - 2*d - 6923, s = d + 2307. Is s a composite number?
False
Suppose 22244 = 4*p - 4*z - 0*z, 3*p = 4*z + 16683. Is p a composite number?
True
Suppose 3*b = 4*j + j - 53339, 2*b - 42658 = -4*j. Is j a prime number?
False
Let k = -1400 - -2449. Is k prime?
True
Let l = 76970 + -45957. Is l composite?
False
Let i(m) = 13960*m**2 + 21*m - 45. Is i(2) prime?
True
Suppose 5*g - 22 = 3. Suppose 12 = -3*q + g*q. Suppose 0 = -4*p + q*p - 614. Is p prime?
True
Let v be 9921/7 + (12/7 - 2). Let n = 2802 - v. Is n composite?
True
Is 3/(-4 - 20759/(-5189)) composite?
False
Suppose 0 = -4*p - 0 - 16. Let n be p - -8 - 1/(-1). Suppose -n*r = 5*j - 939 - 1076, j - 2*r - 415 = 0. Is j a prime number?
False
Let r(p) = 25394*p + 49. Is r(3) a prime number?
True
Let c(x) = -9*x**3 - 6*x**2 + 12*x - 11. Let o be c(-6). Suppose -2*f = -o - 1077. Is f a prime number?
True
Suppose -4*g + 5*p + 15211 = 0, g + 4*p = 2*g - 3811. Is g composite?
True
Is (-3)/(-5) - 668218/(-145) a prime number?
False
Let u(j) = -74*j - 1. Let v(c) = c. Suppose -3*n = -0 + 3. Let b(p) = n*u(p) - 5*v(p). Is b(2) a prime number?
True
Let f(j) = -j**3 - j. Let s(n) = -34*n**3 + 3*n**2 - 10*n + 4. Let h(k) = 6*f(k) - s(k). Is h(3) a prime number?
False
Let l(i) = -1604*i - 91. Is l(-6) a composite number?
False
Suppose 5*x = 8*x. Let d(q) = -q**2 - q + 55. Let u be d(x). Suppose 252 = v - u. Is v prime?
True
Let p(o) be the second derivative of 31*o**4/12 - 3*o**3/2 - o**2/2 - 29*o. Is p(-9) a composite number?
False
Suppose -3*k = -2*v - 993, -5*k + 3*v = -1845 + 190. Is k composite?
False
Let k = 1551 + -420. Let c = k + -598. Is c a composite number?
True
Is 34647/(-6)*(-32 + 18) a composite number?
True
Let z(o) = 144*o**2 - 26*o - 13. Is z(-3) prime?
True
Let a(y) = 537*y**2 - 22. Let s be a(4). Suppose -4*b - 1998 + s = 0. Is b a prime number?
False
Suppose -2*j = 2*t - 766 - 1722, 3*j - 3728 = -5*t. Suppose -2*u = 3*r - j, -3*u = 4*r - 1711 - 158. Is u composite?
True
Let l be (-4)/10 - 4587/(-55). Let n = 324 + l. Is n a composite number?
True
Let c(q) = -818*q + 12. Let u be c(-5). Suppose -t = t - u. Is t a composite number?
True
Suppose 0 = -m - s + 6, -4*m + 2*s = -32 + 8. Let z = -6 + m. Suppose 4*c + 0*c - 364 = z. Is c a composite number?
True
Let i be ((-76)/57)/((-7)/6 - -1). Suppose -10*u = -i*u - 6898. Is u a composite number?
False
Let w(m) = -m**2 + 14923. Is w(0) a composite number?
False
Suppose 24*k = 19*k + 1785. Let p = k - -62. Is p composite?
False
Let v(j) = 26*j**2 - 90*j - 166. Is v(38) prime?
False
Let c = -10 - 2. Let o be c/(0 + -1) + -4. Suppose -o*n + 382 = -6*n. Is n composite?
False
Let m(s) = -7*s**2 - 23*s + 12. Let b be m(9). Let p(c) = -c - 2. Let k be p(-3). Is k/2 - b/4 composite?
False
Let m(k) = -4*k**3 + 10*k**2 - 35*k + 13. Is m(-10) prime?
False
Let d be (3 - 1) 